 when 1872 is divided by 927.
18
Calculate the remainder when 5566 is divided by 87.
85
What is the remainder when 83 is divided by 50?
33
Calculate the remainder when 129 is divided by 34.
27
Calculate the remainder when 19949 is divided by 70.
69
What is the remainder when 16152 is divided by 15?
12
What is the remainder when 55 is divided by 37?
18
What is the remainder when 27112 is divided by 187?
184
Calculate the remainder when 6293 is divided by 83.
68
Calculate the remainder when 269 is divided by 17.
14
Calculate the remainder when 67 is divided by 35.
32
Calculate the remainder when 814 is divided by 270.
4
Calculate the remainder when 1309 is divided by 101.
97
What is the remainder when 835 is divided by 179?
119
Calculate the remainder when 1188 is divided by 440.
308
What is the remainder when 1691 is divided by 22?
19
What is the remainder when 658 is divided by 329?
0
Calculate the remainder when 139 is divided by 21.
13
What is the remainder when 333 is divided by 70?
53
What is the remainder when 564 is divided by 83?
66
What is the remainder when 1894 is divided by 376?
14
What is the remainder when 300 is divided by 43?
42
What is the remainder when 1618 is divided by 60?
58
What is the remainder when 1169 is divided by 41?
21
What is the remainder when 640 is divided by 33?
13
Calculate the remainder when 1919 is divided by 62.
59
Calculate the remainder when 520 is divided by 110.
80
What is the remainder when 787 is divided by 45?
22
Calculate the remainder when 988 is divided by 5.
3
Calculate the remainder when 207 is divided by 101.
5
Calculate the remainder when 3974 is divided by 14.
12
What is the remainder when 586 is divided by 119?
110
Calculate the remainder when 7 is divided by 6.
1
Calculate the remainder when 1111 is divided by 43.
36
What is the remainder when 329 is divided by 50?
29
What is the remainder when 55 is divided by 9?
1
Calculate the remainder when 182 is divided by 88.
6
Calculate the remainder when 175 is divided by 40.
15
Calculate the remainder when 326 is divided by 49.
32
What is the remainder when 1042 is divided by 181?
137
Calculate the remainder when 6184 is divided by 28.
24
Calculate the remainder when 83 is divided by 42.
41
Calculate the remainder when 3302 is divided by 236.
234
What is the remainder when 1464 is divided by 163?
160
What is the remainder when 1608 is divided by 14?
12
What is the remainder when 3402 is divided by 22?
14
Calculate the remainder when 169 is divided by 34.
33
Calculate the remainder when 26 is divided by 16.
10
What is the remainder when 600 is divided by 43?
41
Calculate the remainder when 214 is divided by 38.
24
What is the remainder when 45 is divided by 35?
10
What is the remainder when 981 is divided by 12?
9
Calculate the remainder when 423 is divided by 7.
3
Calculate the remainder when 2623 is divided by 21.
19
Calculate the remainder when 20 is divided by 11.
9
Calculate the remainder when 179 is divided by 7.
4
Calculate the remainder when 117 is divided by 104.
13
What is the remainder when 57 is divided by 15?
12
Calculate the remainder when 67 is divided by 9.
4
What is the remainder when 622 is divided by 7?
6
Calculate the remainder when 488 is divided by 55.
48
Calculate the remainder when 76 is divided by 27.
22
What is the remainder when 48 is divided by 7?
6
Calculate the remainder when 622 is divided by 23.
1
What is the remainder when 4205 is divided by 61?
57
What is the remainder when 494 is divided by 15?
14
What is the remainder when 157 is divided by 33?
25
What is the remainder when 346 is divided by 60?
46
Calculate the remainder when 209 is divided by 77.
55
Calculate the remainder when 605 is divided by 29.
25
What is the remainder when 220 is divided by 109?
2
Calculate the remainder when 776 is divided by 43.
2
What is the remainder when 652 is divided by 277?
98
Calculate the remainder when 328 is divided by 79.
12
What is the remainder when 145 is divided by 30?
25
What is the remainder when 344 is divided by 117?
110
What is the remainder when 367 is divided by 192?
175
Calculate the remainder when 1377 is divided by 138.
135
Calculate the remainder when 23 is divided by 9.
5
Calculate the remainder when 34018 is divided by 81.
79
Calculate the remainder when 451 is divided by 88.
11
Calculate the remainder when 12 is divided by 7.
5
What is the remainder when 53 is divided by 16?
5
What is the remainder when 98 is divided by 92?
6
Calculate the remainder when 474 is divided by 15.
9
Calculate the remainder when 244 is divided by 25.
19
Calculate the remainder when 517 is divided by 40.
37
What is the remainder when 58199 is divided by 120?
119
What is the remainder when 452 is divided by 3?
2
Calculate the remainder when 63 is divided by 10.
3
Calculate the remainder when 236 is divided by 24.
20
Calculate the remainder when 109 is divided by 22.
21
Calculate the remainder when 387 is divided by 26.
23
What is the remainder when 1127 is divided by 533?
61
What is the remainder when 8940 is divided by 16?
12
What is the remainder when 211 is divided by 101?
9
Calculate the remainder when 1430 is divided by 53.
52
Calculate the remainder when 51 is divided by 9.
6
What is the remainder when 205 is divided by 194?
11
What is the remainder when 465 is divided by 117?
114
Calculate the remainder when 383 is divided by 92.
15
Calculate the remainder when 13194 is divided by 13.
12
What is the remainder when 1042 is divided by 97?
72
Calculate the remainder when 702 is divided by 178.
168
What is the remainder when 239 is divided by 63?
50
What is the remainder when 151 is divided by 5?
1
What is the remainder when 26 is divided by 3?
2
What is the remainder when 1641 is divided by 53?
51
Calculate the remainder when 1377 is divided by 12.
9
Calculate the remainder when 676 is divided by 187.
115
What is the remainder when 51 is divided by 21?
9
Calculate the remainder when 4125 is divided by 96.
93
What is the remainder when 74 is divided by 23?
5
What is the remainder when 10378 is divided by 1036?
18
Calculate the remainder when 693 is divided by 58.
55
What is the remainder when 2753 is divided by 9?
8
Calculate the remainder when 317 is divided by 193.
124
Calculate the remainder when 108 is divided by 24.
12
What is the remainder when 933 is divided by 205?
113
Calculate the remainder when 56 is divided by 47.
9
What is the remainder when 15 is divided by 12?
3
What is the remainder when 42193 is divided by 308?
305
Calculate the remainder when 153 is divided by 75.
3
Calculate the remainder when 39813 is divided by 474.
471
Calculate the remainder when 170 is divided by 165.
5
Calculate the remainder when 1188 is divided by 291.
24
Calculate the remainder when 65 is divided by 4.
1
Calculate the remainder when 200 is divided by 67.
66
What is the remainder when 252 is divided by 38?
24
What is the remainder when 288 is divided by 14?
8
What is the remainder when 16 is divided by 9?
7
What is the remainder when 63 is divided by 51?
12
What is the remainder when 1300 is divided by 429?
13
What is the remainder when 5312 is divided by 22?
10
Calculate the remainder when 553 is divided by 94.
83
Calculate the remainder when 5938 is divided by 198.
196
What is the remainder when 155 is divided by 81?
74
Calculate the remainder when 745 is divided by 50.
45
Calculate the remainder when 418 is divided by 35.
33
What is the remainder when 7843 is divided by 133?
129
Calculate the remainder when 746 is divided by 184.
10
What is the remainder when 763 is divided by 98?
77
What is the remainder when 4707 is divided by 10?
7
What is the remainder when 52 is divided by 41?
11
Calculate the remainder when 665 is divided by 23.
21
What is the remainder when 4320 is divided by 332?
4
Calculate the remainder when 18 is divided by 13.
5
What is the remainder when 54 is divided by 5?
4
What is the remainder when 3960 is divided by 14?
12
What is the remainder when 286 is divided by 24?
22
Calculate the remainder when 420 is divided by 85.
80
Calculate the remainder when 5165 is divided by 19.
16
Calculate the remainder when 116 is divided by 20.
16
What is the remainder when 1353 is divided by 303?
141
What is the remainder 